c - 48 - 394 = -27*c. What is the remainder when 1869 is divided by c?
10
Let o(r) = -21*r. Let p be o(-3). Let t(z) = z**3 - 14*z**2 - 8*z + 62. Let y be t(14). Let a = p + y. What is the remainder when 75 is divided by a?
10
Calculate the remainder when (8/6)/(7 + 15445/(-813) + 12) is divided by 141.
119
Let n = 3 + 23. Suppose 1020 = 32*m - n*m. Let x = m - 112. Calculate the remainder when 114 is divided by x.
56
Let y be (-495)/429 + 4/26. Let t(u) = -43*u**3 + 4*u**2 + 4*u + 2. What is the remainder when 170 is divided by t(y)?
35
Suppose -4*j + 149*s - 156*s + 8174 = 0, 3*s = 4*j - 8114. What is the remainder when j is divided by 17?
10
Suppose -72*y + 77*y - 15 = 0. Suppose 3 = 6*d + y. Calculate the remainder when 13 is divided by 3 - (-1 + 1) - d/(-9).
1
Let x = 46 + -17. Suppose -61*o - 60*o = -136*o + 4335. What is the remainder when o is divided by x?
28
Let d(r) = -99*r + 1303. Calculate the remainder when d(6) is divided by 42.
37
Let k be ((-1070)/(-12))/((-25)/(-150)). Let d = 604 - k. Let s = 13 + 13. Calculate the remainder when d is divided by s.
17
Suppose 2*v - 5*v + 249 = b, 5*v - 3*b - 401 = 0. Calculate the remainder when v is divided by (38 - (-4 + 20)) + 10.
18
Let u = 5350 - 4580. Calculate the remainder when u is divided by 65.
55
Suppose 0 = 15*g - 38 - 172. Let d(b) = 2*b**2 + 51. What is the remainder when d(0) is divided by g?
9
Suppose 4*s - 33 = -57. Let w(t) = 2*t**2 + 14*t + 7. Let n be w(s). Let l = 5 - n. What is the remainder when 27 is divided by l?
7
Let l(p) = p**2 + 9*p + 12. Let r be l(-3). Calculate the remainder when ((-2)/r)/(44/6732) is divided by 13.
12
Let v(i) = -34 - 205*i + 425*i - 203*i - i**2. Calculate the remainder when v(7) is divided by 7.
1
Suppose 9*h = 7*p + 13*h - 2416, 336 = p - 4*h. What is the remainder when p is divided by 344?
0
Let o(z) = -84*z - 79. What is the remainder when 203 is divided by o(-1)?
3
Let n(s) = 5*s**2 - 1721 + 1726 + 26*s + 3*s**2. Calculate the remainder when 170 is divided by n(-4).
25
Let t(g) = -314*g + 1303. Calculate the remainder when t(-1) is divided by 411.
384
Suppose 4*l - 279 = -27*l. Suppose -379 - 215 = -l*t. What is the remainder when 197 is divided by t?
65
Suppose 0 = -j - 0*j + 4, -t - j = 0. Let r(f) = -6*f - 23. Calculate the remainder when r(t) is divided by 1.
0
Suppose 0 = -33*n + 25300 - 1936. Suppose -709*t = -n*t - 156. Calculate the remainder when t is divided by 2/(-1) - (-40 - 2).
36
Suppose 6*g - 20 = 2*g - 2*f, 3*f + 6 = 3*g. Calculate the remainder when (-3366)/(-39) - 608/1976 is divided by g.
2
Let h(s) = 17*s + 18*s - 54*s + 32 + 128 + 16*s. What is the remainder when h(13) is divided by 34?
19
Suppose 63674 - 17614 = 196*y. Calculate the remainder when y is divided by 128.
107
What is the remainder when 479 is divided by (1*-30)/((-8)/(-10) + (-3136)/1120)?
14
Suppose -315 = -6*o + 3. What is the remainder when o is divided by 18/(-8)*2*(-18)/9?
8
Let n(r) = -r**3 + 13*r**2 + 3*r + 11. What is the remainder when n(13) is divided by ((-6)/9)/(2*(-1)/15)?
0
Suppose -2*k - 2*p = -46, -4*k + 7*k = -p + 63. What is the remainder when 199 is divided by k?
19
Let s = 2 + 4. Let b(k) = -3 - k**3 - 6*k - 16 + s*k**2 + 6*k**2 + 3. Calculate the remainder when 192 is divided by b(11).
36
Calculate the remainder when 38 is divided by 2/3 + (240/1800)/((-4)/(-370)).
12
Suppose 2*i + 2 = 2*g, 3*i - g + 8 = 1. What is the remainder when 95 is divided by -2*i/(-18)*-33?
7
Suppose -10*a + 774 = 8*a. Let t = 364 + -328. What is the remainder when a is divided by t?
7
Let i = 16 - 13. Suppose i = 2*a - 3*a. Calculate the remainder when a + (32/(-3))/1*-6 is divided by 21.
19
Suppose -382 - 1108 = -149*d. What is the remainder when 729 is divided by d?
9
Calculate the remainder when 153/(-561)*11*-21 is divided by (-92)/(-6) - 4/(-6).
15
Let v(s) = s**2 + 4*s - 15. Let a = -40 + 53. Suppose -6*d + a + 17 = 0. What is the remainder when v(d) is divided by 11?
8
Let h(f) = 3*f**2 - f - 1. Suppose 27 = -4*s + 3. Let t be h(s). Suppose -184 = -4*j + 2*x, -3*x - t - 31 = -3*j. What is the remainder when j is divided by 15?
14
Let g = 1065 - 704. Suppose 15*h = g + 1619. What is the remainder when h is divided by 46?
40
Let x(k) = -k**3 - 28*k**2 - 29*k - 48. Let a = -44 - -42. Calculate the remainder when (-2)/(a/33*3) is divided by x(-27).
5
Let p = -630 + 980. Let i = p + -249. Calculate the remainder when i is divided by 46.
9
Let p be 4 - (3 + 0) - -31. Suppose p = 3*g - 76. Let d = -14 + g. Calculate the remainder when d is divided by 10.
2
Suppose -12*m + 969 = -3789 + 138. Calculate the remainder when m is divided by 136.
113
Let a(u) = -4*u**3 - 4*u**2 - 3*u - 2. Let h be -2*6/4*2/3. Suppose 6*j = 266 + 298. Calculate the remainder when j is divided by a(h).
14
Suppose 4*g - 3*g = 121. Suppose 5*j = -6*j + g. Suppose 9 + 640 = j*s. Calculate the remainder when s is divided by 21.
17
Let i(v) = 4*v**3 - 2*v**2 + v + 3. Let u be (-3)/(-3) + 3 + -1. Let t be i(u). Suppose -3*n - n + t = 0. Calculate the remainder when 69 is divided by n.
21
Suppose 0 = q + 5*p + 16, 2*p - 7*p = 5*q. Suppose -y + 10 + 68 = 3*s, -4*y + 3*s + 312 = 0. Calculate the remainder when y is divided by q.
2
Let s = -162 - -76. Let m = s - -135. Suppose -10*a - m = -17*a. Calculate the remainder when 104 is divided by a.
6
Suppose -2315 + 201 = 247*x - 77943. Calculate the remainder when x is divided by 8.
3
Let z = 62 - 58. Suppose 15 = -f - 4*p, 2*f = z*p + 35 - 5. Suppose -f*h - 121 = -16*h. Calculate the remainder when h is divided by 9.
2
Let g = 2 + 6. Suppose -5*t - 30 = 65. Let q = -14 - t. What is the remainder when g is divided by q?
3
Let s = -250 + 269. Suppose -2452 = d - r, -d - 4*r + 97 - 2529 = 0. Calculate the remainder when d/(-33) - 4/22 is divided by s.
17
Let a(m) = -5*m**2 - 161*m + 101. Let o(x) = x**3 - 10*x**2 + x + 4. Let u be o(10). Calculate the remainder when a(-32) is divided by ((-15)/4)/(u/(-168)).
43
Let i = -247 - -9. Let q = i + 296. Calculate the remainder when 169 is divided by q.
53
Suppose -12*a = 55*a - 20*a - 1175. Suppose 5*n = -4*s + 306, -n - s + 0*s + 62 = 0. What is the remainder when n is divided by a?
8
Let o = -138 + 137. Suppose -9 = -m + 2*q + 2*q, -3*q - 6 = 0. Calculate the remainder when o/((-2)/12) - (-3 + 6) is divided by m.
0
Let x be 5/35 + 1/(-7). Suppose 5*q = 2*z - x*q - 79, z - 3*q = 41. Calculate the remainder when 1/2 + (-756)/(-8) is divided by z.
31
Suppose 3*p = -5*s + 3234, -p = 728*s - 729*s - 1070. What is the remainder when p is divided by 218?
201
Suppose -2*k = -2*l + 646, -2*l + 5*k - 1283 = -6*l. What is the remainder when l is divided by 47?
40
Calculate the remainder when (-2)/(-5) - 619584/(-840) is divided by 103.
17
Let a be (-4 - -4) + -4 - -3. Let f be (a*1)/(12/(-24)). Suppose -18 = -f*s + 4*n + 68, 4*s - 3*n - 152 = 0. Calculate the remainder when s is divided by 9.
8
Suppose 3*c + r = 14, -6*c + 4*c - 5*r + 31 = 0. Suppose 25*h = -c*h + 3528. What is the remainder when h is divided by 61?
4
What is the remainder when (2088360/(-432))/((-56)/126*3/8) is divided by 49?
46
Suppose 4*c = 4*a + 28996, -4*c - a + 496 + 28500 = 0. What is the remainder when c is divided by 58?
57
Let c be 5 - (-148)/(-4)*-4. Suppose -10*v = -v - c. Let h = 2 - -9. What is the remainder when v is divided by h?
6
Let p(q) = -2*q**2 - 24*q - 31. Let i be p(-10). Suppose -i*j = -12*j + 27. Calculate the remainder when 39 is divided by j.
3
Suppose -48*h + 47*h - 32 = 0. Let b = 64 + h. Calculate the remainder when b is divided by 12.
8
Let b(g) = -32*g**2 - 395*g + 82. What is the remainder when 1268 is divided by b(-12)?
198
Suppose 14*f + 7714 = -5*f. Let b = f - -423. What is the remainder when 507 is divided by b?
14
Suppose -9739 = 13*g + 2754. Let o = g + 1014. Calculate the remainder when 526 is divided by o.
49
Suppose 25 = -3*k + 1. Let p(t) = -14*t - 3. Suppose -704 = -84*w + 640. Calculate the remainder when p(k) is divided by w.
13
What is the remainder when 21018 is divided by (-210 + 212)*(1 - -9)?
18
Let w(c) = c**3 + 10*c**2 - 13*c - 182. Let l = -66 + 95. Calculate the remainder when w(-7) is divided by l.
27
Let p(g) = 22*g + 4. Let j be p(3). Let r = -68 + j. What is the remainder when 